+ -2 + 2?
23
What is 0 + 7 + (11 + 3 - 3)?
18
-43 + (-5 - -16) + 9 + (1 - -1)
-21
(11 - 30 - -7) + 1
-11
Evaluate (11 - -10) + -6 + -18.
-3
Evaluate -263 + 270 + (-9 - 1).
-3
Evaluate (-3 - 11) + (3 - 2 - (12 + -11)).
-14
Calculate -6 - (1 + (11 - 3) + -15).
0
What is the value of -5 - -35 - (-160 + 168)?
22
Calculate 12 + -15 + 32 + 1 + -8.
22
What is the value of (22 - 28) + -24 + 15?
-15
What is 4 - (-59 - -73) - (-1 + -15)?
6
Evaluate -1 + -5 + 1 - -12.
7
Evaluate 2420 + -2425 - (1 + (-2 - 0) + -2).
-2
Calculate 8 + (1 - -5) + -7 + -15 + 10.
2
Evaluate 6 + -17 - (-2 + -3).
-6
-16 + (6 - (2 + -7 + 2))
-7
-34 - -21 - -14 - 19
-18
Calculate 15 + (-5 - 4) - (3 - 1) - 4.
0
What is -14 - (15 - (11 - -8))?
-10
Calculate -19 + 16 - (0 - (-2 + 2 + 5)).
2
What is the value of (-3 - -21) + 4 + 2 + 0 - -2?
26
Evaluate 81 + -26 + -17 + -69.
-31
Calculate 6 + (12 + 0 - (-21 + 27)).
12
What is -2 + -8 - (-26 + (28 - 10))?
-2
What is the value of 5 + (22 + -12 - 3 - (1 + 5))?
6
Evaluate -6 + -2 - (-6 + -4 + 3) - 10.
-11
What is -10 - (-11 - (16 + -12))?
5
What is -1 + -8 + -4 + -2 - (-3 + -5)?
-7
-25 + -17 + (-5 - (2 - 14))
-35
Calculate (15 - 12) + (-13 - -11).
1
Evaluate -14 - (0 - 10 - 10).
6
Calculate 1 + -1 + -22 + (101 - (84 - -24)).
-29
What is 12 + 0 + (9 + -9 - 7) + 4?
9
Evaluate (1 - -1) + -3 + 21 - (13 - 8).
15
8 + (-8 - -3) + 12 + -2
13
What is (-1 - 11) + (390 - 385) - 14?
-21
Calculate -55 + 46 - (0 + -1 + 0).
-8
Evaluate -5 + -13 - (-25 + 11 + 2).
-6
What is (3 + 6 + -2 - 8 - 1) + -3?
-5
Evaluate (1 - (10 + 6)) + 29 + 8.
22
What is -2 - ((-32 - -18) + 6)?
6
6 + (-30 - -20) + (2 - -21)
19
Evaluate (5 - -4 - 18) + -44 + 56.
3
What is the value of (48 + -46 - (-5 + 1 + 0)) + -43?
-37
What is 31 + -7 + 4 + -1 + 96 + -101?
22
What is 1 + 0 + -5 + (-11 - (-20 + -9))?
14
What is -2 + -1 + 12 + -7?
2
Calculate (-1 - 0) + 9 + -168 + 174.
14
What is -6 - (8 + -19 + -7) - (5 + 1)?
6
Evaluate -4 + 2 - (44 + -41 - (7 + 1)).
3
Evaluate 5 + (-18 - -6) + (-8 - 7).
-22
What is (-10 - -26 - 6) + 9 + -2 + 0?
17
Evaluate -17 + (-15 - -15) + -14 + 44.
13
Calculate 0 - (-17 - (-5 + -1)) - 11.
0
43 - (-11 - (36 + -74))
16
Evaluate -26 + (-15 - -26) - -5.
-10
What is 19 - (38 + -22) - (4 + 2)?
-3
What is the value of -12 - (-11 - (-3 + 2) - (-11 - -3))?
-10
Evaluate -37 + 26 + -4 + 26.
11
What is the value of 13 + -8 + -14 - -4?
-5
-8 + (3 - (-6 + 6 + 5))
-10
What is 12 + -13 + 6 - (-10 + 15 + 7)?
-7
-5 + -15 + 4 + 34
18
Evaluate -1 - 5 - (-17 + -3 + -1 + 17).
-2
What is the value of -7 + 11 - 6 - 5 - (1 - -1)?
-9
What is 6 + -22 + (10 - (8 + -5))?
-9
Evaluate (0 + -3 - -1) + -1 - (21 + -11).
-13
Calculate (-6 - -6) + -15 + (7 - 3).
-11
Calculate -4 + 14 + -8 - (4 - 1).
-1
(-2 - 13) + -1 + (-5 + -5 - -10)
-16
What is -17 + (3 - (-15 + 8))?
-7
What is the value of (23 - (1 + 8)) + -7 + 14?
21
Calculate (-7 - (6 + 1 + -17)) + -1.
2
209 + -199 - (11 - 0)
-1
Evaluate (17 - -2) + 65 + -64.
20
What is -9 + 26 - -3 - 13?
7
What is 3 + -2 + (-6 - (-4 - 4)) + 1?
4
Calculate 11 - ((-5 - (7 + -3)) + 5).
15
What is 27 + -26 + -1 - (0 - -13)?
-13
What is the value of 0 + -11 + 3 - -19?
11
What is the value of -35 - -18 - (9 - 14)?
-12
What is 17 + 14 + -21 + -9?
1
What is the value of -5 + -2 - -14 - 11?
-4
What is the value of 0 + 24 + -8 + -7 - 9?
0
Evaluate (7 - 9) + -7 + 21.
12
Evaluate -27 - (16 + -14) - -18.
-11
32 - (2 - -65 - 24)
-11
What is the value of (-1 - 10 - -7) + (-2 - -5)?
-1
What is 7 + 20 + -5 + -14?
8
What is the value of -1 + (-24 - (-27 + -2))?
4
Calculate 14 + -24 + 1 + (-4 - -1).
-12
What is (-2 - (-2 - 13)) + (-357 - -362)?
18
-1 - (1 - -1) - (-2899 - -2891)
5
What is (-13 - 7 - -12) + -2?
-10
Evaluate -36 - -39 - (1 + (3 - 2) + -6).
7
What is 18 - (19 + -41 - -55)?
-15
What is (9 + -5 - 11 - -6) + 0?
-1
(37 - -1) + 874 + -895
17
What is the value of 20 - ((-9 - 2) + 10)?
21
(-13 - -12) + 22 - (0 - -3) - 5
13
What is the value of (-18 - (16 + 2)) + 24?
-12
Calculate 18 + (-9 - 1) + (8 - -1) + 1.
18
Evaluate 0 + 10 - (-22 + 20 + 24).
-12
What is 11 - (0 - (1 + -31 + 5 + 9))?
-5
Calculate 4 - (0 + 14 + 0 + -3 + -4).
-3
-4 - 1 - (0 - 0) - -5
0
3 + -18 - (-7 + 4)
-12
Evaluate 46 + -30 - (6 + (1 - -2 - 3)).
10
Calculate 18 + -10 + 11 + (0 - (4 + 3)).
12
What is 2 + (-1 + 4 - (-22 - -13) - -8)?
22
117 - 101 - (7 - 3)
12
What is -6 - (-6 + -5 + 3 + -4)?
6
What is the value of -7 + (12 - -9) + -10 - 8?
-4
Evaluate -13 + (10 - -14) + -18.
-7
Calculate -2 + (13 - 2) - (39 + -28).
-2
Evaluate -6 + (13 - 4) + -10.
-7
Calculate 12 - (8 + 2 + -5 + 3).
4
What is the value of -60 + -22 + 52 + 34?
4
What is 0 - (3 - (-2 + 0)) - (-178 - -157)?
16
Evaluate -7 + 20 + (-3 - -1).
11
What is the value of 8 + -1 + (-1 + -4 - (-7 - 1))?
10
(-2 - -6 - 6 - 3 - 12) + -2
-19
What is the value of (359 - 344) + -4 + -1 + -19?
-9
Calculate 0 + -16 - (-41 + 62 + -9).
-28
What is -28 + (-5 - 0) + -13 + 29?
-17
Calculate 17 + -33 - -46 - 12.
18
Evaluate (-4 - -14) + 6 + (10 - 9 - 6).
11
-2 + -1 - (2 + -2 - -2 - 2)
-3
Calculate 4 - (3 + (-8 + -2 - (36 - 55))).
-8
Calculate 2 - 9 - (-4 - (-32 + 24)).
-11
15 + (-1 - 6) - 10
-2
Calculate (2 - 2) + 0 + 7 - 16.
-9
What is -2 - -23 - (2 - -11)?
8
Evaluate 15 + -46 + 24 + -28.
-35
Calculate 5 - (1 + 38 + -16).
-18
Calculate 22 - (-21 - (-25 - -3)).
21
What is -42 - (-19 - 4 - 43)?
24
Calculate -17 - -3 - (26 - 40).
0
Evaluate (6 - 12) + 28 + -12.
10
What is 20 + (-43 - -18) + (11 - 0)?
6
What is the value of -17 - (13 + -3 + -1 - (38 - 34))?
-22
What is the value of 5 + (-8 - -3) - -4?
4
What is the value of -58 - -63 - (0 + 7) - (3 + 2)?
-7
39 + 3 + -5 + (1158 - 1171)
24
Calculate (-34 - -31 - 19) + 15.
-7
Calculate 8 - (-1 - -2) - (58 + -33 - 25).
7
(-6 - (2 - 4 - -1)) + (-2085 - -2083)
-7
Calculate 25 + -10 + -23 - (-2 + 3 + -33).
24
Evaluate -5 + -7 + 1 + (0 - (3 - 3)).
-11
-6 - (-5 - 3) - (5 + -5 + 6)
-4
3 - (-17 - -8 - -17) - 1 - 8
-14
What is the value of 5 - ((-9 - (-17 + 5)) + 10)?
-8
Calculate (5 - (-9 + -1 + 2 - -14)) + 12.
11
Evaluate ((6 - 15) + 5 - (3 + 19)) + 7.
-19
Evaluate 27 + -49 - (-9 + 2 - -7).
-22
(-1 - 0) + 11 - (8 + 7 - -7)
-12
-7 + 21 + -23 + 2
-7
What is -1 + (-3 - 0 - 11)?
-15
Evaluate (120 - 120) + (2 - (15 - 1)).
-12
What is 1 + (12 - 2 - 4) + -16?
-9
What is -1525 - -1515 - (19 + 1)?
-30
1 + 4 + -6 + -5 + -1 + 0
-7
What is the value of (-1 - (2 + -2)) + (-14 - -2 - -7)?
-6
Calculate -18 + -1 + 358 + -353.
-14
Evaluate -21 + 3 - (118 + -121) - -13.
-2
Calculate -1 - 0 - (330 + -339).
8
Evaluate (0 - (-1 - 1)) + 21 + -13 + -1.
9
Evaluate -70 + 27 + 2 + 26.
-15
9 - (11 - (-1 - -19))
16
What is 5 + -2 + (6 + -2 - 4) - 12?
-9
What is the value of ((2 - 10) + -37 + 37 - -1) + 18?
11
What is -13 + 23 + -8 + -1?
1
Calculate 5 + (2 - (-36 + 48)).
-5
What is the value of -197 + 197 - (-10 - (-1 - -1 - 1))?
9
What is -4 + -2 + -5 + -15 + 18 + -9?
-17
Calculate -6 - -12 - 10 - (-21 + 20).
-3
(-1 - 32) + (-78 - -86)
-25
Calculate (-18 + 15 + 1 - (0 + 0)) + 2.
0
What is the value of (-1 - (20 + 2)) + (1 - -9)?
-13
-36 + 33 + (-2 - 1) - -18
12
Calculate 5 + 21 + -13 + 10 - 4.
19
(23 - -1) + 1 + (-3 - (-5 - -8))
19
Calculate -18 + 9 + -9 + 19.
1
Calculate 8 + (-12 - -3) - (-4 - -8).
-5
-4 - -1 - (-37 + 52 - 11)
-7
What is -23 + 11 + (14 - 14)?
-12
Evaluate 16 - (-18 + 24 + 22).
-12
What is the value of 6 - 20 - (-47 - (-27 - -14))?
20
Calculate -11 - (-27 - (8 + -3 + -10)).
11
What is the value of 4 + 4 + -1 + (-7 - 3) + 0?
-3
What is 18 - 27 - (-30 + -3)?
24
Calculate -21 + -5 + 6 + -2 + 2 + 7.
-13
What is the value of -26 + 1 + 22 + -6?
-9
Calculate 1 + 1 + (8 - (9 - -5)) - 21.
-25
Calculate 15 + (10 + 5 + -4 - 9).
17
1 - (21 + -12 + -5 + -12)
9
Evaluate -18 - ((-1 - 17) + (106 - 93)).
-13
What is the value of -174 - -183 - (-5 - -1)?
13
13 + (0 - -5 - (8 - (-6 + 7)))
11
What is the value of 0 + (-4 - 0) + 12 - -7 - -7?
22
Evaluate 8 + (9 - 16) - (-2 - (2 - 2)).
3
What is the value of -23 - (-47 + -6 - -27)?
3
Calculate 12 - (20 + -12 + 7).
-3
What is (10 - 9) + -11 + (2 - 4) + -2?
-14
Calculate 2 - 0 - ((-5 - -13) + 0).
-6
22 - (-5 + 13) - -1
15
What is the value of (-2 - 16 - -15) + 5?
2
What is the value of -35 + (-8 - (3 - 25))?
-21
Evaluate -4 + -1 - ((8 - 4 - -3) + 22).
-34
Calculate -7 - 0 - (-29 - (4 - -3 - 9)).
20
